{"id":2056,"date":"2016-09-27T11:48:54","date_gmt":"2016-09-27T09:48:54","guid":{"rendered":"http:\/\/ch.schaefer-metallurgie.de\/chMetallurgie\/?page_id=2056"},"modified":"2021-01-20T11:24:55","modified_gmt":"2021-01-20T09:24:55","slug":"allgemeine-verkaufsbedingungen","status":"publish","type":"page","link":"https:\/\/ch.schaefer-metallurgie.de\/chMetallurgie\/allgemeine-verkaufsbedingungen\/","title":{"rendered":"Allgemeine Verkaufsbedingungen"},"content":{"rendered":"[et_pb_section fb_built=&#8220;1&#8243; admin_label=&#8220;section&#8220; _builder_version=&#8220;3.22&#8243;][et_pb_row column_structure=&#8220;1_2,1_2&#8243; admin_label=&#8220;row&#8220; _builder_version=&#8220;3.25&#8243; background_size=&#8220;initial&#8220; background_position=&#8220;top_left&#8220; background_repeat=&#8220;repeat&#8220;][et_pb_column type=&#8220;1_2&#8243; _builder_version=&#8220;3.25&#8243; custom_padding=&#8220;|||&#8220; custom_padding__hover=&#8220;|||&#8220;][et_pb_text admin_label=&#8220;Text&#8220; _builder_version=&#8220;4.5.3&#8243; background_size=&#8220;initial&#8220; background_position=&#8220;top_left&#8220; background_repeat=&#8220;repeat&#8220; hover_enabled=&#8220;0&#8243; use_border_color=&#8220;off&#8220; border_color=&#8220;#ffffff&#8220; border_style=&#8220;solid&#8220;]\n<p><strong>GENERAL CONDITIONS OF SALE AND DELIVERY As at: 13th September 2016<\/strong><\/p>\n<p><strong>1. General provisions<\/strong><br \/> <strong>1.1.<\/strong> The following General Conditions of Sale and Delivery (GCSD) shall apply to all contracts between Messrs. SCH\u00c4FER Metallurgie GmbH (hereinafter referred to as SCH\u00c4FER) and its customers, unless expressly agreed otherwise in writing between the parties or obligatorily prescribed by law. Terms and conditions of the customer that are contradictory to, or deviate from, these GCSDs will not be accepted, unless SCH\u00c4FER has expressly agreed to their application. This shall also apply if SCH\u00c4FER delivers an awarded contract without reservations, in awareness of conditions of the customer that are contradictory to, or deviate from, these GCSDs.<br \/> <strong>1.2.<\/strong> All agreements between SCH\u00c4FER and the customer regarding the execution of this contract are set forth in writing in this contract.<br \/> <strong>1.3.<\/strong> These GCSDs only apply to entrepreneurs within the meaning of Section 310 Para. 1 German civil Code \u2013 BGB.<\/p>\n<p><strong>2. Offer \u2013 Offer documents<\/strong><br \/> <strong>2.1.<\/strong> A purchase order to be qualified as an offer within the meaning of Section 145 BGB can be accepted by SCH\u00c4FER within 2 weeks.<br \/> <strong>2.2.<\/strong> SCH\u00c4FER reserves title and copyright to illustrations, drawings, calculations and other documents. This also applies to written docu-ments classified as &#8222;confidential&#8220;. The customer shall require the express, written consent of SCH\u00c4FER prior to forwarding them to third parties.<\/p>\n<p><strong>3. Prices and terms of payment<\/strong><br \/> <strong>3.1.<\/strong> All SCH\u00c4FER prices are applicable ex-works. The prices shall be payable within 30 days from the date of issue of the invoice, plus the statutory value-added tax. SCH\u00c4FER shall allow a discount of 2 % on the total invoice value if payment was made within 14 days after the date of invoice in the favour of the specified business account and if all previous invoices were settled at that time. Bills of exchange shall not be accepted as fulfilment.<br \/> <strong>3.2.<\/strong> The customer shall only be entitled to offset claims of SCH\u00c4FER arising from this contract against undisputed, conclusively recognised or acknowledged claims. The customer shall only be authorised to exercise a right of retention if it is based on the same contractual relationship.<\/p>\n<p><strong>4. Delivery dates<\/strong><br \/> <strong>4.1.<\/strong> Delivery dates shall only be deemed to be transactions for delivery by a fixed date (Section 286 Para. 2 No. 4 BGB, Section 376 German Commercial Code &#8211; HGB) if expressly designated as such in writing. If an undue delay in delivery occurs in these cases for reasons for which SCH\u00c4FER is responsible, SCH\u00c4FER shall be liable in accordance with the statutory provisions, if the customer can assert that his interest in further fulfilment of the contract has ceased to exist.<br \/> <strong>4.2.<\/strong> If agreed delivery dates cannot be met because the customer fails to comply with the duty to cooperate incumbent upon it, or if the custom-er defaults in taking delivery, SCH\u00c4FER shall be entitled to demand compensation for the resultant damages, including any additional ex-penditure. The plea of non-performance is reserved.<br \/> <strong>4.3.<\/strong> If SCH\u00c4FER is in default, the customer shall fix a reasonable period of grace with a threat of rejection. Following fruitless expiry of the period of grace, the customer shall be entitled to withdraw from the contract and demand compensation for damages.<\/p>\n<p><strong>5. Liability for defects<\/strong><br \/> <strong>5.1.<\/strong> In the case of duly notified, existing defects (Section 377 HGB), SCH\u00c4FER shall be given the opportunity of later fulfilment in the form of the remedying of the defects or, where appropriate, delivery of new, faultless goods.<br \/> <strong>5.2.<\/strong> If later fulfilment fails, the customer can, at its discretion, demand withdrawal from the contract or reduction of the purchase price.<br \/> <strong>5.3.<\/strong> SCH\u00c4FER shall bear unlimited liability, in accordance with the statutory provisions, for own fault and for the fault of vicarious agents only in the event of wrongful intent and in cases where, owing to a breach of duty for which SCH\u00c4FER is responsible, damage to life, limb or health is sustained or liability under the German Products Liability Act exists.<br \/> <strong>5.4.<\/strong> In the event of gross negligence and\/or breach of a material contractual obligation, SCH\u00c4FER shall be liable in accordance with the statu-tory provisions, although liability shall be limited to the foreseeable damage typically occurring.<br \/> <strong><br \/> 6. Joint and several liability, vicarious liability<\/strong><br \/> Regardless of the legal grounds, more extensive liability for damages than that provided for in Clause 5 shall be excluded. This limitation shall also apply if, rather than claiming damages, the customer claims compensation for useless expenditure instead of the performance. Insofar as compensation for damages is excluded or limited in Clauses 5 and 6, this shall also apply in relation to any personal liability for damages of the employees, representatives and vicarious agents of SCH\u00c4FER.<br \/> <strong><br \/> 7. Statute of limitation<\/strong><br \/> <strong>7.1.<\/strong> Guaranties become barred by the statue of limitation within 12 months from awareness of the defect.<br \/> <strong>7.2.<\/strong> Liability claims become barred by the statue of limitation 12 months from awareness of the damage.<br \/> <strong>7.3.<\/strong> The guaranty does not include used machines, objects, etc.<\/p>\n<p>&nbsp;<\/p>\n[\/et_pb_text][\/et_pb_column][et_pb_column type=&#8220;1_2&#8243; _builder_version=&#8220;3.25&#8243; custom_padding=&#8220;|||&#8220; custom_padding__hover=&#8220;|||&#8220;][et_pb_text admin_label=&#8220;Text&#8220; _builder_version=&#8220;4.5.3&#8243; background_size=&#8220;initial&#8220; background_position=&#8220;top_left&#8220; background_repeat=&#8220;repeat&#8220; hover_enabled=&#8220;0&#8243; use_border_color=&#8220;off&#8220; border_color=&#8220;#ffffff&#8220; border_style=&#8220;solid&#8220;]\n<p><strong>8. Retention of title<\/strong><br \/> <strong>8.1.<\/strong> SCH\u00c4FER retains title to any machines, objects, salts, documents, etc. made available to the customer until receipt of all payments aris-ing from the contractual relationship. In the event of action in violation of the contract on the part of the customer, especially default in pay-ment, SCH\u00c4FER shall be entitled to repossess the machines, objects, salts, documents, etc. made available. Such repossession shall not constitute withdrawal from the contract, unless such withdrawal is expressly declared in writing.<br \/> <strong>8.2.<\/strong> The customer must treat the purchased object carefully; in particular, he is obliged to adequately insure it at replacement value against fire, water damage and theft, at his own expense.<br \/> <strong>8.3.<\/strong> In the event of attachment or other third-party interventions, the customer must notify SCH\u00c4FER in written form without delay, so that a suit can be filed pursuant to Section 771 German Code of Civil Pro-cedure (ZPO). Insofar as the third party is not in a position to reimburse SCH\u00c4FER for the court and out-of-court costs of a suit pursuant to Section 771 ZPO, the customer shall be liable for the loss sustained by SCH\u00c4FER.<br \/> <strong>8.4.<\/strong> The customer is entitled to resell the purchased object in the ordinary course of business; however, he shall even now assign to SCH\u00c4FER all claims &#8211; up to the amount of the final invoice total (including VAT) of the claim existing against him &#8211; that accrue to him vis-\u00e0-vis his customers or third parties from such resale, regardless of whether the purchased object was resold without or after processing. The customer shall remain authorised to collect this claim even after assignment. The authority of SCH\u00c4FER to itself collect the claim shall remain unaffected by this. However, SCH\u00c4FER agrees not to collect the claim as long as the customer meets his payment obligations from the collected receipts, is not in default in payment and, in particular, no petition has been filed for commencement of composition or insolvency proceedings and payments have not been suspended. If this is the case, SCH\u00c4FER can demand that the customer disclose the assigned claims and their debtors, provide all information necessary for collection, hand over the associated documents and notify the debtors (third parties) of the assignment.<br \/> <strong>8.5.<\/strong> Processing or conversion of the purchased product by the customer is always performed for SCH\u00c4FER. If the purchased object is processed together with other objects not belonging to SCH\u00c4FER, SCH\u00c4FER shall acquire co-ownership of the new object at the ratio of the value of the purchased object (final invoice total, including VAT) to the other processed objects at the time of processing. In all other respects, the same shall apply to the object resulting from processing as to the purchased object delivered subject to reservations.<br \/> <strong>8.6.<\/strong> If the purchased object is inseparably commingled with other objects not belonging to SCH\u00c4FER, SCH\u00c4FER shall acquire co-ownership of the new object at the ratio of the value of the purchased object (final invoice total, including VAT) to the other commingled objects at the time of comminglement. If comminglement takes place in such a way that the customer&#8217;s object is to be regarded as the principal object, it shall be deemed to be agreed that the customer transfers co-ownership to SCH\u00c4FER on a pro rata basis. The customer shall preserve the resultant sole property or joint property for SCH\u00c4FER.<br \/> <strong>8.7.<\/strong> SCH\u00c4FER agrees, at the request of the customer, to release the securities to which SCH\u00c4FER is entitled, insofar as the realisable val-ue of the securities exceeds the claims to be secured by more than 10%; the choice of the securities to be released shall be incumbent upon SCH\u00c4FER.<\/p>\n<p><strong>9. Data protection<\/strong><br \/> Until revocation by the customer, SCH\u00c4FER shall be authorised to collect, save and process, or have processed by third parties, personal and other data of the customer entrusted to it, such as company name, address, telephone number, fax number, e-mail address, homepage, contacts, taxpayer&#8217;s number, VAT No., VAT ID No., arti-cles and own and customer article numbers, order quantities, order dates, order prices, terms of delivery and payment, shipping method, information on the carrier, address for invoices and deliveries, and the annual turnover, in the framework of their intended use. In the event of the data being processed by third parties, SCH\u00c4FER shall oblige such third parties to maintain strict secrecy.<br \/> <strong><br \/> 10. Legal venue, applicable law and place of performance<\/strong><br \/> <strong>10.1.<\/strong> The place of performance shall be the place of business of SCH\u00c4FER; if not otherwise agreed upon.<br \/> <strong>10.2.<\/strong> The legal venue shall be the place of business of SCH\u00c4FER; SCH\u00c4FER shall, however, be entitled also to sue the customer at his domicile.<br \/> <strong>10.3.<\/strong> The contract and all claims arising there from shall be subject exclusively to the law of the Federal Republic of Germany. The international purchase law shall be excluded. This shall apply expressively also to the application of the convention of the United Nations regarding the contracts on the International Sale of Goods (CISG). Basis of the contract is the text of the General Conditions of Sale and Delivery in the German version.<\/p>\n[\/et_pb_text][\/et_pb_column][\/et_pb_row][\/et_pb_section]\n","protected":false},"excerpt":{"rendered":"<p>GENERAL CONDITIONS OF SALE AND DELIVERY As at: 13th September 2016 1. General provisions 1.1. The following General Conditions of Sale and Delivery (GCSD) shall apply to all contracts between Messrs. SCH\u00c4FER Metallurgie GmbH (hereinafter referred to as SCH\u00c4FER) and its customers, unless expressly agreed otherwise in writing between the parties or obligatorily prescribed by [&hellip;]<\/p>\n","protected":false},"author":1,"featured_media":0,"parent":0,"menu_order":0,"comment_status":"closed","ping_status":"closed","template":"","meta":{"_et_pb_use_builder":"on","_et_pb_old_content":"","_et_gb_content_width":"","footnotes":""},"class_list":["post-2056","page","type-page","status-publish","hentry"],"_links":{"self":[{"href":"https:\/\/ch.schaefer-metallurgie.de\/chMetallurgie\/wp-json\/wp\/v2\/pages\/2056","targetHints":{"allow":["GET"]}}],"collection":[{"href":"https:\/\/ch.schaefer-metallurgie.de\/chMetallurgie\/wp-json\/wp\/v2\/pages"}],"about":[{"href":"https:\/\/ch.schaefer-metallurgie.de\/chMetallurgie\/wp-json\/wp\/v2\/types\/page"}],"author":[{"embeddable":true,"href":"https:\/\/ch.schaefer-metallurgie.de\/chMetallurgie\/wp-json\/wp\/v2\/users\/1"}],"replies":[{"embeddable":true,"href":"https:\/\/ch.schaefer-metallurgie.de\/chMetallurgie\/wp-json\/wp\/v2\/comments?post=2056"}],"version-history":[{"count":7,"href":"https:\/\/ch.schaefer-metallurgie.de\/chMetallurgie\/wp-json\/wp\/v2\/pages\/2056\/revisions"}],"predecessor-version":[{"id":2728,"href":"https:\/\/ch.schaefer-metallurgie.de\/chMetallurgie\/wp-json\/wp\/v2\/pages\/2056\/revisions\/2728"}],"wp:attachment":[{"href":"https:\/\/ch.schaefer-metallurgie.de\/chMetallurgie\/wp-json\/wp\/v2\/media?parent=2056"}],"curies":[{"name":"wp","href":"https:\/\/api.w.org\/{rel}","templated":true}]}}