{"id":783,"date":"2014-06-24T13:38:11","date_gmt":"2014-06-24T11:38:11","guid":{"rendered":"http:\/\/www.schaeferchem.de\/wordpress\/?page_id=783"},"modified":"2020-10-14T13:13:27","modified_gmt":"2020-10-14T11:13:27","slug":"qualitaet","status":"publish","type":"page","link":"https:\/\/ch.schaefer-metallurgie.de\/chMetallurgie\/qualitaet\/","title":{"rendered":"Qualit\u00e4t"},"content":{"rendered":"[et_pb_section fb_built=&#8220;1&#8243; fullwidth=&#8220;on&#8220; admin_label=&#8220;section&#8220; _builder_version=&#8220;3.22&#8243;][et_pb_fullwidth_slider show_arrows=&#8220;off&#8220; show_pagination=&#8220;off&#8220; admin_label=&#8220;Fullwidth Slider&#8220; _builder_version=&#8220;4.5.3&#8243; custom_padding=&#8220;|||&#8220; custom_padding_tablet=&#8220;|||&#8220; custom_padding_phone=&#8220;|||&#8220; auto=&#8220;on&#8220; box_shadow_style=&#8220;preset6&#8243; box_shadow_blur=&#8220;10px&#8220; box_shadow_color=&#8220;rgba(0,0,0,0.1)&#8220; show_inner_shadow=&#8220;on&#8220; button_text_size__hover_enabled=&#8220;off&#8220; button_one_text_size__hover_enabled=&#8220;off&#8220; button_two_text_size__hover_enabled=&#8220;off&#8220; button_text_color__hover_enabled=&#8220;off&#8220; button_one_text_color__hover_enabled=&#8220;off&#8220; button_two_text_color__hover_enabled=&#8220;off&#8220; button_border_width__hover_enabled=&#8220;off&#8220; button_one_border_width__hover_enabled=&#8220;off&#8220; button_two_border_width__hover_enabled=&#8220;off&#8220; button_border_color__hover_enabled=&#8220;off&#8220; button_one_border_color__hover_enabled=&#8220;off&#8220; button_two_border_color__hover_enabled=&#8220;off&#8220; button_border_radius__hover_enabled=&#8220;off&#8220; button_one_border_radius__hover_enabled=&#8220;off&#8220; button_two_border_radius__hover_enabled=&#8220;off&#8220; button_letter_spacing__hover_enabled=&#8220;off&#8220; button_one_letter_spacing__hover_enabled=&#8220;off&#8220; button_two_letter_spacing__hover_enabled=&#8220;off&#8220; button_bg_color__hover_enabled=&#8220;off&#8220; button_one_bg_color__hover_enabled=&#8220;off&#8220; button_two_bg_color__hover_enabled=&#8220;off&#8220;][et_pb_slide heading=&#8220;\u54c1\u8d28&#8220; _builder_version=&#8220;4.5.3&#8243; background_color=&#8220;#ffffff&#8220; background_image=&#8220;https:\/\/ch.schaefer-metallurgie.de\/chMetallurgie\/wordpress\/wp-content\/uploads\/2014\/06\/IMGP2570.jpg&#8220; button_text_size__hover_enabled=&#8220;off&#8220; button_one_text_size__hover_enabled=&#8220;off&#8220; button_two_text_size__hover_enabled=&#8220;off&#8220; button_text_color__hover_enabled=&#8220;off&#8220; button_one_text_color__hover_enabled=&#8220;off&#8220; button_two_text_color__hover_enabled=&#8220;off&#8220; button_border_width__hover_enabled=&#8220;off&#8220; button_one_border_width__hover_enabled=&#8220;off&#8220; button_two_border_width__hover_enabled=&#8220;off&#8220; button_border_color__hover_enabled=&#8220;off&#8220; button_one_border_color__hover_enabled=&#8220;off&#8220; button_two_border_color__hover_enabled=&#8220;off&#8220; button_border_radius__hover_enabled=&#8220;off&#8220; button_one_border_radius__hover_enabled=&#8220;off&#8220; button_two_border_radius__hover_enabled=&#8220;off&#8220; button_letter_spacing__hover_enabled=&#8220;off&#8220; button_one_letter_spacing__hover_enabled=&#8220;off&#8220; button_two_letter_spacing__hover_enabled=&#8220;off&#8220; button_bg_color__hover_enabled=&#8220;off&#8220; button_one_bg_color__hover_enabled=&#8220;off&#8220; button_two_bg_color__hover_enabled=&#8220;off&#8220;][\/et_pb_slide][\/et_pb_fullwidth_slider][\/et_pb_section][et_pb_section fb_built=&#8220;1&#8243; admin_label=&#8220;section&#8220; _builder_version=&#8220;3.22&#8243; background_color=&#8220;#fcfcfc&#8220;][et_pb_row column_structure=&#8220;1_3,2_3&#8243; admin_label=&#8220;row&#8220; _builder_version=&#8220;3.25&#8243; background_size=&#8220;initial&#8220; background_position=&#8220;top_left&#8220; background_repeat=&#8220;repeat&#8220;][et_pb_column type=&#8220;1_3&#8243; _builder_version=&#8220;3.25&#8243; custom_padding=&#8220;|||&#8220; custom_padding__hover=&#8220;|||&#8220;][et_pb_sidebar area=&#8220;cs-unternehmen-sidebar&#8220; admin_label=&#8220;Sidebar&#8220; _builder_version=&#8220;3.0.74&#8243;][\/et_pb_sidebar][et_pb_divider show_divider=&#8220;off&#8220; disabled_on=&#8220;on|on|off&#8220; admin_label=&#8220;Divider&#8220; _builder_version=&#8220;3.2&#8243;][\/et_pb_divider][et_pb_image src=&#8220;https:\/\/ch.schaefer-metallurgie.de\/chMetallurgie\/wordpress\/wp-content\/uploads\/2015\/03\/Qualit\u00e4t-k.jpg&#8220; align_tablet=&#8220;center&#8220; align_phone=&#8220;&#8220; align_last_edited=&#8220;on|desktop&#8220; disabled_on=&#8220;on||&#8220; admin_label=&#8220;Bild&#8220; _builder_version=&#8220;3.23&#8243; animation_style=&#8220;slide&#8220; animation_direction=&#8220;left&#8220; animation_duration=&#8220;500ms&#8220; animation_intensity_slide=&#8220;10%&#8220; animation=&#8220;left&#8220; sticky=&#8220;off&#8220; use_border_color=&#8220;off&#8220; border_color=&#8220;#ffffff&#8220; border_style=&#8220;solid&#8220; always_center_on_mobile=&#8220;on&#8220;][\/et_pb_image][\/et_pb_column][et_pb_column type=&#8220;2_3&#8243; _builder_version=&#8220;3.25&#8243; custom_padding=&#8220;|||&#8220; custom_padding__hover=&#8220;|||&#8220;][et_pb_text admin_label=&#8220;Text&#8220; _builder_version=&#8220;4.5.3&#8243; background_size=&#8220;initial&#8220; background_position=&#8220;top_left&#8220; background_repeat=&#8220;repeat&#8220; hover_enabled=&#8220;0&#8243;]\n<div align=\"left\">\n<p>\u820d\u8d39\u5c14\u6709\u8272\u51b6\u91d1\u6709\u9650\u516c\u53f8\u7684\u5ba2\u6237\u4e3a\u7194\u878d\u91d1\u5c5e\u5904\u7406\u4ea7\u54c1\u7684\u4e70\u5bb6\u3001\u4ee3\u7406\u5546\u548c\u7ecf\u9500\u5546\u3002<\/p>\n<p>\u6211\u4eec\u5ba2\u6237\u7684\u57fa\u672c\u8981\u6c42\u5982\u4e0b\uff1a<\/p>\n<p>\u53ef\u4fe1\u5ea6\uff08\u51c6\u65f6\u3001\u7cbe\u786e\u4ea4\u8d27\uff09<\/p>\n<p>\u7075\u6d3b\u6027\uff08\u63a5\u53d7\u7279\u6b8a\u7684\u613f\u671b\u548c\u8981\u6c42\uff09<\/p>\n<p>\u53ef\u63d0\u4f9b\u54a8\u8be2\uff08\u5408\u683c\u7684\u4ea7\u54c1\u4fe1\u606f\uff09<\/p>\n<p>\u8d28\u91cf\u4e0a\u4e58\uff08\u9ad8\u54c1\u8d28\u7684\u4ea7\u54c1\u529f\u80fd\uff09<\/p>\n<p>\u9488\u5bf9\u6bcf\u4e2a\u5177\u4f53\u7684\u5546\u52a1\u6848\u4f8b\uff08\u8ba2\u5355\uff09\uff0c\u5ba2\u6237\u7684\u9700\u6c42\u548c\u8981\u6c42\u90fd\u4f1a\u88ab\u7cbe\u786e\u786e\u5b9a\u3002\u8fd9\u6837\u53ef\u4ee5\u907f\u514d\u5ba2\u6237\u5174\u8da3\u4e0d\u8db3\uff0c\u800c\u53ef\u80fd\u4ea7\u751f\u7684\u4efb\u4f55\u7591\u95ee\u548c\u6295\u8bc9\u3002\u9664\u4e86\u8fd9\u4e9b\u9700\u6c42\u548c\u8981\u6c42\u5916\uff0c\u5ba2\u6237\u8fd8\u5e0c\u671b\u820d\u8d39\u5c14\u6709\u8272\u51b6\u91d1\u6709\u9650\u516c\u53f8\u80fd\u591f\u5bc6\u5207\u5173\u6ce8\u5e02\u573a\u8109\u640f\u548c\u6280\u672f\u8fdb\u6b65\uff0c\u5e76\u5c06\u83b7\u5f97\u7684\u77e5\u8bc6\u4f20\u6388\u7ed9\u4ed6\u4eec\u8fdb\u884c\u8425\u9500\u6216\u5229\u7528\u3002<\/p>\n<p>\u8d1f\u8d23\u4efb\u7684\u670d\u52a1\u65b9\u5411\u662f\u820d\u8d39\u5c14\u6709\u8272\u51b6\u91d1\u6709\u9650\u516c\u53f8\u6240\u6709\u5546\u52a1\u5173\u7cfb\u7684\u57fa\u7840\uff0c\u4ee5\u6ee1\u8db3\u6bcf\u4f4d\u5ba2\u6237\u7684\u9700\u6c42\u3001\u5174\u8da3\u3001\u613f\u671b\u4ee5\u53ca\u4e2a\u6027\u5316\u9700\u6c42\u3002<\/p>\n<p>\u6211\u4eec\u7684\u8d28\u91cf\u539f\u5219\u662f\uff1a<\/p>\n<p>\u5ba2\u6237\u5173\u7cfb\u7684\u53ef\u4fe1\u8d56\u5ea6<\/p>\n<p>\u5e02\u573a\u8425\u9500\u5b89\u5168\u6027\uff08\u9ad8\u8d28\u91cf\u4ea7\u54c1\uff09<\/p>\n<p>\u5e02\u573a\u5f71\u54cd\u529b<\/p>\n<p>\u7075\u6d3b\u6027\u3001\u5bf9\u5feb\u901f\u53d8\u5316\u7684\u5e02\u573a\u9700\u6c42\u7684\u9002\u5e94\u6027\u548c\u53cd\u5e94\u80fd\u529b\uff08\u9002\u5e94\u9500\u552e\uff09<\/p>\n<p>\u5bf9\u5ba2\u6237\u7684\u5bc6\u5207\u5173\u6ce8\u4ee5\u53ca\u4e0e\u4ed6\u4eec\u7684\u6301\u7eed\u6c9f\u901a<\/p>\n<\/div>\n[\/et_pb_text][\/et_pb_column][\/et_pb_row][\/et_pb_section]\n","protected":false},"excerpt":{"rendered":"<p>\u820d\u8d39\u5c14\u6709\u8272\u51b6\u91d1\u6709\u9650\u516c\u53f8\u7684\u5ba2\u6237\u4e3a\u7194\u878d\u91d1\u5c5e\u5904\u7406\u4ea7\u54c1\u7684\u4e70\u5bb6\u3001\u4ee3\u7406\u5546\u548c\u7ecf\u9500\u5546\u3002 \u6211\u4eec\u5ba2\u6237\u7684\u57fa\u672c\u8981\u6c42\u5982\u4e0b\uff1a \u53ef\u4fe1\u5ea6\uff08\u51c6\u65f6\u3001\u7cbe\u786e\u4ea4\u8d27\uff09 \u7075\u6d3b\u6027\uff08\u63a5\u53d7\u7279\u6b8a\u7684\u613f\u671b\u548c\u8981\u6c42\uff09 \u53ef\u63d0\u4f9b\u54a8\u8be2\uff08\u5408\u683c\u7684\u4ea7\u54c1\u4fe1\u606f\uff09 \u8d28\u91cf\u4e0a\u4e58\uff08\u9ad8\u54c1\u8d28\u7684\u4ea7\u54c1\u529f\u80fd\uff09 \u9488\u5bf9\u6bcf\u4e2a\u5177\u4f53\u7684\u5546\u52a1\u6848\u4f8b\uff08\u8ba2\u5355\uff09\uff0c\u5ba2\u6237\u7684\u9700\u6c42\u548c\u8981\u6c42\u90fd\u4f1a\u88ab\u7cbe\u786e\u786e\u5b9a\u3002\u8fd9\u6837\u53ef\u4ee5\u907f\u514d\u5ba2\u6237\u5174\u8da3\u4e0d\u8db3\uff0c\u800c\u53ef\u80fd\u4ea7\u751f\u7684\u4efb\u4f55\u7591\u95ee\u548c\u6295\u8bc9\u3002\u9664\u4e86\u8fd9\u4e9b\u9700\u6c42\u548c\u8981\u6c42\u5916\uff0c\u5ba2\u6237\u8fd8\u5e0c\u671b\u820d\u8d39\u5c14\u6709\u8272\u51b6\u91d1\u6709\u9650\u516c\u53f8\u80fd\u591f\u5bc6\u5207\u5173\u6ce8\u5e02\u573a\u8109\u640f\u548c\u6280\u672f\u8fdb\u6b65\uff0c\u5e76\u5c06\u83b7\u5f97\u7684\u77e5\u8bc6\u4f20\u6388\u7ed9\u4ed6\u4eec\u8fdb\u884c\u8425\u9500\u6216\u5229\u7528\u3002 \u8d1f\u8d23\u4efb\u7684\u670d\u52a1\u65b9\u5411\u662f\u820d\u8d39\u5c14\u6709\u8272\u51b6\u91d1\u6709\u9650\u516c\u53f8\u6240\u6709\u5546\u52a1\u5173\u7cfb\u7684\u57fa\u7840\uff0c\u4ee5\u6ee1\u8db3\u6bcf\u4f4d\u5ba2\u6237\u7684\u9700\u6c42\u3001\u5174\u8da3\u3001\u613f\u671b\u4ee5\u53ca\u4e2a\u6027\u5316\u9700\u6c42\u3002 \u6211\u4eec\u7684\u8d28\u91cf\u539f\u5219\u662f\uff1a \u5ba2\u6237\u5173\u7cfb\u7684\u53ef\u4fe1\u8d56\u5ea6 \u5e02\u573a\u8425\u9500\u5b89\u5168\u6027\uff08\u9ad8\u8d28\u91cf\u4ea7\u54c1\uff09 \u5e02\u573a\u5f71\u54cd\u529b \u7075\u6d3b\u6027\u3001\u5bf9\u5feb\u901f\u53d8\u5316\u7684\u5e02\u573a\u9700\u6c42\u7684\u9002\u5e94\u6027\u548c\u53cd\u5e94\u80fd\u529b\uff08\u9002\u5e94\u9500\u552e\uff09 \u5bf9\u5ba2\u6237\u7684\u5bc6\u5207\u5173\u6ce8\u4ee5\u53ca\u4e0e\u4ed6\u4eec\u7684\u6301\u7eed\u6c9f\u901a<\/p>\n","protected":false},"author":1,"featured_media":0,"parent":0,"menu_order":0,"comment_status":"closed","ping_status":"closed","template":"","meta":{"_et_pb_use_builder":"on","_et_pb_old_content":"<h1>Qualit\u00e4tssicherung<\/h1><p>\u00a0<\/p><p>\u00a0<\/p><div align=\"left\">Kunden der <span class=\"Stil1\">SCH\u00c4FER Chemische Fabrik GmbH<\/span> sind Abnehmer von Produkten zur Metallschmelzebehandlung in Gie\u00dfereien, Vertretungen und Wiederverk\u00e4ufer.<\/div><p align=\"left\">Allgemeine Forderungen unserer Kunden sind:<\/p><div align=\"left\"><ul><li>Zuverl\u00e4ssigkeit (fristgerechte und korrekte Belieferung)<\/li><li>Flexibilit\u00e4t (Eingehen auf spezielle W\u00fcnsche und Anforderungen)<\/li><li>Beratung (kompetente Produktausk\u00fcnfte)<\/li><li>Qualit\u00e4t (hochwertige Produkteigenschaften).<\/li><\/ul><\/div><p align=\"justify\">Bei jedem konkreten Gesch\u00e4ftsfall (Auftrag) werden die Bed\u00fcrfnisse und Forderungen des bzw. der Kunden exakt ermittelt, um R\u00fcckfragen und Reklamationen, die durch mangelhafte Erhebung der Interessen von Kunden entstehen k\u00f6nnen, auszuschlie\u00dfen.<\/p><div align=\"justify\">\u00dcber diese Bed\u00fcrfnisse und Forderungen hinaus erwarten die Lieferanten und Kunden, dass die <span class=\"Stil1\">SCH\u00c4FER Chemische Fabrik GmbH<\/span> st\u00e4ndig ein Ohr am Puls des Marktes und des technologischen Fortschritts hat und die so gewonnenen Erkenntnisse in der Beratung f\u00fcr die Vermarktung bzw. Verwertung an sie weitergibt.<\/div><p align=\"justify\">Als Grundlage aller Gesch\u00e4ftsbeziehungen der <span class=\"Stil1\">SCH\u00c4FER Chemische Fabrik GmbH<\/span> gilt die verantwortungsvolle Ausrichtung der Dienstleistungen an den Bed\u00fcrfnissen, Interessen, W\u00fcnschen und individuellen Voraussetzungen jedes einzelnen Kunden.<\/p><p align=\"left\">Unsere <span class=\"Stil1\"><strong>Qualit\u00e4tsgrunds\u00e4tze<\/strong><\/span> lauten:<\/p><div align=\"left\"><ul><li>Zuverl\u00e4ssigkeit im Verh\u00e4ltnis zu den Kunden<\/li><li>Vermarktungssicherheit (Qualit\u00e4t der Produkte)<\/li><li>Markteinfluss<\/li><li>Flexibilit\u00e4t, Anpassungs- und Reaktionsf\u00e4higkeit an die sich schnell \u00e4ndernden Markterfordernisse (Marktn\u00e4he)<\/li><li>Intensive Betreuung unserer Kunden und st\u00e4ndige Kommunikation mit diesen.<\/li><\/ul><\/div><p>\u00a0<\/p>","_et_gb_content_width":"","footnotes":""},"class_list":["post-783","page","type-page","status-publish","hentry"],"_links":{"self":[{"href":"https:\/\/ch.schaefer-metallurgie.de\/chMetallurgie\/wp-json\/wp\/v2\/pages\/783","targetHints":{"allow":["GET"]}}],"collection":[{"href":"https:\/\/ch.schaefer-metallurgie.de\/chMetallurgie\/wp-json\/wp\/v2\/pages"}],"about":[{"href":"https:\/\/ch.schaefer-metallurgie.de\/chMetallurgie\/wp-json\/wp\/v2\/types\/page"}],"author":[{"embeddable":true,"href":"https:\/\/ch.schaefer-metallurgie.de\/chMetallurgie\/wp-json\/wp\/v2\/users\/1"}],"replies":[{"embeddable":true,"href":"https:\/\/ch.schaefer-metallurgie.de\/chMetallurgie\/wp-json\/wp\/v2\/comments?post=783"}],"version-history":[{"count":3,"href":"https:\/\/ch.schaefer-metallurgie.de\/chMetallurgie\/wp-json\/wp\/v2\/pages\/783\/revisions"}],"predecessor-version":[{"id":2286,"href":"https:\/\/ch.schaefer-metallurgie.de\/chMetallurgie\/wp-json\/wp\/v2\/pages\/783\/revisions\/2286"}],"wp:attachment":[{"href":"https:\/\/ch.schaefer-metallurgie.de\/chMetallurgie\/wp-json\/wp\/v2\/media?parent=783"}],"curies":[{"name":"wp","href":"https:\/\/api.w.org\/{rel}","templated":true}]}}